{"id":2751,"date":"2013-07-23T07:37:23","date_gmt":"2013-07-23T07:37:23","guid":{"rendered":"http:\/\/de.everycodextellsastory.eu\/?page_id=2751"},"modified":"2013-07-23T09:32:13","modified_gmt":"2013-07-23T09:32:13","slug":"funf-raume","status":"publish","type":"page","link":"https:\/\/de.everycodextellsastory.eu\/?page_id=2751","title":{"rendered":"F\u00fcnf R\u00e4ume"},"content":{"rendered":"<p>Unsere Ausstellung besteht aus f\u00fcnf R\u00e4umen. Jeder widmet sich einem anderen Aspekt mittelalterlicher Handschriften.<\/p>\n<p>Unter <strong><a title=\"Languages\" href=\"http:\/\/de.everycodextellsastory.eu\/?p=1594\">Sprachen<\/a><\/strong> geht es um die Frage, welche und wieviele Sprachen in den Handschriften vorkommen k\u00f6nnen. Der Ausstellungsraum <a title=\"People\" href=\"http:\/\/de.everycodextellsastory.eu\/?p=4\"><strong>Menschen<\/strong><\/a> versammelt Informationen zu allen, die mit mittelalterlichen Handschriften zu tun hatten \u2013 von der Konzeption \u00fcber die Herstellung bis zur Benutzung. Beim Aspekt <a title=\"Places\" href=\"http:\/\/de.everycodextellsastory.eu\/?p=1597\"><strong>Orte<\/strong><\/a> geht es um die Frage, wie wir wissen k\u00f6nnen, wo eine Handschrift entstanden ist und was f\u00fcr Auswirkungen ein solcher Entstehungsort m\u00f6glicherweise hatte. <a title=\"Texts\" href=\"http:\/\/de.everycodextellsastory.eu\/?p=1592\"><strong>Texte<\/strong><\/a> stellt die Arten von Texten vor, die sich in unseren Handschriften finden \u2013 und erkl\u00e4rt nebenbei auch, warum in unserem Projekt nur Handschriften mit bestimmten Texten vorkommen. In dem gro\u00dfen Raum <a title=\"The Making Of\" href=\"http:\/\/de.everycodextellsastory.eu\/?p=1522\"><strong>Herstellung<\/strong><\/a> schlie\u00dflich kann man alle wesentlichen Aspekte mittelalterlicher Buchproduktion im Allgemeinen nachlesen.<\/p>\n","protected":false},"excerpt":{"rendered":"<p>Unsere Ausstellung besteht aus f\u00fcnf R\u00e4umen. Jeder widmet sich einem anderen Aspekt mittelalterlicher Handschriften. Unter Sprachen geht es um die Frage, welche und wieviele Sprachen in den Handschriften vorkommen k\u00f6nnen. Der Ausstellungsraum Menschen versammelt Informationen zu allen, die mit mittelalterlichen &hellip; <a href=\"https:\/\/de.everycodextellsastory.eu\/?page_id=2751\">Weiterlesen <span class=\"meta-nav\">&rarr;<\/span><\/a><\/p>\n","protected":false},"author":3,"featured_media":0,"parent":0,"menu_order":0,"comment_status":"open","ping_status":"closed","template":"","meta":{"footnotes":""},"_links":{"self":[{"href":"https:\/\/de.everycodextellsastory.eu\/index.php?rest_route=\/wp\/v2\/pages\/2751"}],"collection":[{"href":"https:\/\/de.everycodextellsastory.eu\/index.php?rest_route=\/wp\/v2\/pages"}],"about":[{"href":"https:\/\/de.everycodextellsastory.eu\/index.php?rest_route=\/wp\/v2\/types\/page"}],"author":[{"embeddable":true,"href":"https:\/\/de.everycodextellsastory.eu\/index.php?rest_route=\/wp\/v2\/users\/3"}],"replies":[{"embeddable":true,"href":"https:\/\/de.everycodextellsastory.eu\/index.php?rest_route=%2Fwp%2Fv2%2Fcomments&post=2751"}],"version-history":[{"count":6,"href":"https:\/\/de.everycodextellsastory.eu\/index.php?rest_route=\/wp\/v2\/pages\/2751\/revisions"}],"predecessor-version":[{"id":2760,"href":"https:\/\/de.everycodextellsastory.eu\/index.php?rest_route=\/wp\/v2\/pages\/2751\/revisions\/2760"}],"wp:attachment":[{"href":"https:\/\/de.everycodextellsastory.eu\/index.php?rest_route=%2Fwp%2Fv2%2Fmedia&parent=2751"}],"curies":[{"name":"wp","href":"https:\/\/api.w.org\/{rel}","templated":true}]}}