{"id":225,"date":"2012-07-17T16:33:11","date_gmt":"2012-07-17T16:33:11","guid":{"rendered":"http:\/\/labs.stefanschleifer.com\/codex\/?page_id=225"},"modified":"2013-07-22T09:56:05","modified_gmt":"2013-07-22T09:56:05","slug":"the-project","status":"publish","type":"page","link":"https:\/\/de.everycodextellsastory.eu\/?page_id=225","title":{"rendered":"Das Projekt"},"content":{"rendered":"<p><strong>Dynamik mittelalterlicher Handschriften. Sammelhandschriften aus europ\u00e4ischer Perspektive<\/strong><\/p>\n<div dir=\"ltr\" data-font-name=\"g_font_p0_2\" data-canvas-width=\"179.34979903500138\">Dieses europ\u00e4ische Forschungsprojekt hat die Untersuchung von sp\u00e4tmittelalterlichen deutschen, englischen, franz\u00f6sischen und niederl\u00e4ndischen Sammelhandschriften zum Gegenstand; im Zentrum steht die auff\u00e4llig unfeste \u00dcberlieferung von kurzen Verserz\u00e4hlungen. Die charakteristische Dynamik der Texte, die in hochdivergenten<\/div>\n<div dir=\"ltr\" data-font-name=\"g_font_p0_2\" data-canvas-width=\"309.0690216330215\">\u00dcberlieferungskontexten existieren, ist ein typischer Fall kultureller Dynamik, wie er im HERA JRP Thema &#8216;Cultural Dynamics&#8217; fokussiert wird. In jeder der jeweils neu zusammengestellten sp\u00e4tmittelalterlichen Textsammlungen entstehen neue Bedeutungen des Einzeltexts, was es erst eigentlich erm\u00f6glicht, das kulturelle Selbstverst\u00e4ndnis des Kompilators oder Auftraggebers einer Handschrift einerseits und die Weitergabe kulturellen, sozialen sowie ethischen Erbes an folgende Generationen andererseits zu verstehen. Die komparatistische und interdisziplin\u00e4re Herangehensweise des Projekts zielt auf die Erfassung \u00fcbernationaler Merkmale von Sammelhandschriften und auf Erkenntnisse dar\u00fcber, wie durch die Anordnung und Pr\u00e4sentation von Texten jeweils neue Autor- und Leseridentit\u00e4ten geschaffen werden. Die Forschung wird von vier PhD-Studenten, zwei Post-Doc-Forschern sowie vier Professoren in enger Zusammenarbeit durchgef\u00fchrt; im April 2013 fand eine gro\u00df angelegte Schluss-Konferenz statt.<\/div>\n","protected":false},"excerpt":{"rendered":"<p>Dynamik mittelalterlicher Handschriften. Sammelhandschriften aus europ\u00e4ischer Perspektive Dieses europ\u00e4ische Forschungsprojekt hat die Untersuchung von sp\u00e4tmittelalterlichen deutschen, englischen, franz\u00f6sischen und niederl\u00e4ndischen Sammelhandschriften zum Gegenstand; im Zentrum steht die auff\u00e4llig unfeste \u00dcberlieferung von kurzen Verserz\u00e4hlungen. Die charakteristische Dynamik der Texte, die in &hellip; <a href=\"https:\/\/de.everycodextellsastory.eu\/?page_id=225\">Weiterlesen <span class=\"meta-nav\">&rarr;<\/span><\/a><\/p>\n","protected":false},"author":1,"featured_media":0,"parent":27,"menu_order":0,"comment_status":"closed","ping_status":"closed","template":"","meta":{"footnotes":""},"_links":{"self":[{"href":"https:\/\/de.everycodextellsastory.eu\/index.php?rest_route=\/wp\/v2\/pages\/225"}],"collection":[{"href":"https:\/\/de.everycodextellsastory.eu\/index.php?rest_route=\/wp\/v2\/pages"}],"about":[{"href":"https:\/\/de.everycodextellsastory.eu\/index.php?rest_route=\/wp\/v2\/types\/page"}],"author":[{"embeddable":true,"href":"https:\/\/de.everycodextellsastory.eu\/index.php?rest_route=\/wp\/v2\/users\/1"}],"replies":[{"embeddable":true,"href":"https:\/\/de.everycodextellsastory.eu\/index.php?rest_route=%2Fwp%2Fv2%2Fcomments&post=225"}],"version-history":[{"count":6,"href":"https:\/\/de.everycodextellsastory.eu\/index.php?rest_route=\/wp\/v2\/pages\/225\/revisions"}],"predecessor-version":[{"id":2729,"href":"https:\/\/de.everycodextellsastory.eu\/index.php?rest_route=\/wp\/v2\/pages\/225\/revisions\/2729"}],"up":[{"embeddable":true,"href":"https:\/\/de.everycodextellsastory.eu\/index.php?rest_route=\/wp\/v2\/pages\/27"}],"wp:attachment":[{"href":"https:\/\/de.everycodextellsastory.eu\/index.php?rest_route=%2Fwp%2Fv2%2Fmedia&parent=225"}],"curies":[{"name":"wp","href":"https:\/\/api.w.org\/{rel}","templated":true}]}}